inder when 5101276 is divided by 836.
4
Calculate the remainder when 284820 is divided by 40667.
151
What is the remainder when 18840896 is divided by 1224?
1088
What is the remainder when 8273283 is divided by 90?
33
What is the remainder when 8696133 is divided by 136?
21
Calculate the remainder when 833234 is divided by 714.
710
What is the remainder when 418602 is divided by 46273?
2145
Calculate the remainder when 4762561 is divided by 2528.
2337
Calculate the remainder when 30144 is divided by 9625.
1269
What is the remainder when 86634 is divided by 108?
18
Calculate the remainder when 37653531 is divided by 75.
6
Calculate the remainder when 77486 is divided by 71381.
6105
What is the remainder when 187584367 is divided by 12?
7
What is the remainder when 174928342 is divided by 1550?
1542
Calculate the remainder when 99248 is divided by 24072.
2960
What is the remainder when 1232225 is divided by 1142?
7
What is the remainder when 1586498 is divided by 200?
98
Calculate the remainder when 34381104 is divided by 929219.
1
What is the remainder when 2695633 is divided by 185?
183
What is the remainder when 9195723 is divided by 15800?
123
Calculate the remainder when 827690 is divided by 355.
185
What is the remainder when 1741680 is divided by 479?
36
What is the remainder when 4883749 is divided by 612?
601
What is the remainder when 275826 is divided by 137595?
636
What is the remainder when 20640912 is divided by 204?
192
Calculate the remainder when 7865492 is divided by 571.
538
What is the remainder when 153485 is divided by 408?
77
What is the remainder when 762635 is divided by 743?
317
What is the remainder when 832381 is divided by 1418?
15
Calculate the remainder when 41496032 is divided by 2136.
2096
What is the remainder when 725670 is divided by 362835?
0
What is the remainder when 5334783 is divided by 6578?
25
What is the remainder when 4030360 is divided by 194?
10
What is the remainder when 132498640 is divided by 1893?
1891
What is the remainder when 4139778 is divided by 38?
20
What is the remainder when 3931607 is divided by 4422?
449
What is the remainder when 11222050 is divided by 120?
10
Calculate the remainder when 107632 is divided by 309.
100
What is the remainder when 17357 is divided by 2373?
746
Calculate the remainder when 508717 is divided by 452.
217
Calculate the remainder when 4720450 is divided by 2360223.
4
What is the remainder when 375419 is divided by 1926?
1775
What is the remainder when 279544 is divided by 5?
4
Calculate the remainder when 1230586 is divided by 2144.
2074
Calculate the remainder when 370422 is divided by 123458.
48
What is the remainder when 5437053 is divided by 438?
159
What is the remainder when 5875 is divided by 352?
243
What is the remainder when 189890980 is divided by 24907?
12
What is the remainder when 125233 is divided by 60298?
4637
What is the remainder when 4143692 is divided by 4143677?
15
Calculate the remainder when 29795185 is divided by 1105.
1070
What is the remainder when 53230197 is divided by 4740?
4737
Calculate the remainder when 6380786 is divided by 1542.
1532
What is the remainder when 1476300 is divided by 22?
12
Calculate the remainder when 24303544 is divided by 495.
34
Calculate the remainder when 54434540 is divided by 816.
812
Calculate the remainder when 2253841 is divided by 7247.
24
What is the remainder when 222475 is divided by 1855?
1730
What is the remainder when 516392 is divided by 279?
242
Calculate the remainder when 1141466 is divided by 56.
18
Calculate the remainder when 210668 is divided by 154.
150
What is the remainder when 210975881 is divided by 49490?
11
What is the remainder when 33195816 is divided by 19573?
8
Calculate the remainder when 1422828 is divided by 12584.
836
Calculate the remainder when 124865 is divided by 370.
175
Calculate the remainder when 64152 is divided by 2386.
2116
Calculate the remainder when 8336037 is divided by 245.
157
What is the remainder when 17162708 is divided by 122?
114
Calculate the remainder when 475967 is divided by 118966.
103
Calculate the remainder when 1669475263 is divided by 1119.
1117
What is the remainder when 11987802 is divided by 1285?
37
What is the remainder when 707892172 is divided by 2066?
2064
What is the remainder when 12044794 is divided by 217?
209
Calculate the remainder when 13710406 is divided by 3280.
6
Calculate the remainder when 201951 is divided by 56.
15
Calculate the remainder when 1115044 is divided by 1616.
4
Calculate the remainder when 1238265 is divided by 1512.
1449
Calculate the remainder when 578650 is divided by 13369.
3783
What is the remainder when 2566706 is divided by 500?
206
What is the remainder when 6976183 is divided by 67?
9
Calculate the remainder when 32783 is divided by 6554.
13
What is the remainder when 681268520 is divided by 38?
36
What is the remainder when 10854134 is divided by 49?
46
What is the remainder when 74737396 is divided by 553?
552
Calculate the remainder when 6002426 is divided by 333.
101
Calculate the remainder when 22171656 is divided by 35.
31
Calculate the remainder when 25883799 is divided by 13931.
1
Calculate the remainder when 16878737 is divided by 1499.
1496
Calculate the remainder when 30481808 is divided by 2877.
2870
Calculate the remainder when 25348742 is divided by 22.
12
What is the remainder when 25538 is divided by 8176?
1010
What is the remainder when 7985707 is divided by 140?
107
What is the remainder when 32891 is divided by 23?
1
Calculate the remainder when 58015 is divided by 1919.
445
What is the remainder when 76349324 is divided by 10907046?
2
Calculate the remainder when 61684190 is divided by 47.
27
What is the remainder when 945843 is divided by 4801?
46
Calculate the remainder when 6971607 is divided by 15.
12
What is the remainder when 69541108 is divided by 878?
874
What is the remainder when 432960 is divided by 24002?
924
Calculate the remainder when 95512109 is divided by 2666.
2659
Calculate the remainder when 6106802 is divided by 21.
2
Calculate the remainder when 2746853 is divided by 1172.
857
Calculate the remainder when 63719669 is divided by 34.
31
What is the remainder when 7453607 is divided by 149071?
57
Calculate the remainder when 287841 is divided by 101.
92
What is the remainder when 13077338 is divided by 827?
814
Calculate the remainder when 321635 is divided by 203.
83
Calculate the remainder when 723830 is divided by 4184.
4182
Calculate the remainder when 13904432 is divided by 678.
8
What is the remainder when 20449657 is divided by 346?
19
Calculate the remainder when 24540 is divided by 21073.
3467
What is the remainder when 50209876 is divided by 8368312?
4
Calculate the remainder when 220691 is divided by 789.
560
Calculate the remainder when 442170 is divided by 4467.
4404
Calculate the remainder when 95946657 is divided by 273.
261
What is the remainder when 1335012 is divided by 333748?
20
What is the remainder when 717015 is divided by 125?
15
What is the remainder when 111697712 is divided by 1801576?
0
What is the remainder when 748367 is divided by 1197?
242
What is the remainder when 42383914 is divided by 130012?
2
What is the remainder when 240952 is divided by 2148?
376
Calculate the remainder when 142496 is divided by 160.
96
Calculate the remainder when 77298 is divided by 112.
18
Calculate the remainder when 5442882 is divided by 85.
77
Calculate the remainder when 132452054 is divided by 5.
4
Calculate the remainder when 55681 is divided by 55508.
173
What is the remainder when 828403 is divided by 118314?
205
Calculate the remainder when 4038121 is divided by 497.
493
What is the remainder when 278401 is divided by 1428?
1369
Calculate the remainder when 83931623 is divided by 64217.
4
What is the remainder when 1086098 is divided by 2120?
658
What is the remainder when 173477 is divided by 166?
7
Calculate the remainder when 8753954 is divided by 7816.
34
What is the remainder when 6037950 is divided by 5040?
30
Calculate the remainder when 753781 is divided by 39670.
51
Calculate the remainder when 12178048 is divided by 98210.
8
What is the remainder when 11546 is divided by 8587?
2959
Calculate the remainder when 87295340 is d